{"id":13190,"date":"2021-05-09T16:33:36","date_gmt":"2021-05-09T14:33:36","guid":{"rendered":"http:\/\/www.florianecaux.com\/wp-content\/uploads\/2021\/05\/Photographe-famille-s\u00e9ance-photo-montagne-ari\u00e8ge-38.jpg"},"modified":"2021-05-09T16:33:36","modified_gmt":"2021-05-09T14:33:36","slug":"photographe-famille-seance-photo-montagne-ariege-38-2","status":"inherit","type":"attachment","link":"https:\/\/www.florianecaux.com\/en\/photographe-famille-seance-photo-montagne-ariege-38-2\/","title":{"rendered":"Photographe-famille-s\u00e9ance-photo-montagne-ari\u00e8ge (38)"},"author":1,"comment_status":"open","ping_status":"closed","template":"","meta":[],"aioseo_notices":[],"description":{"rendered":"<p class=\"attachment\"><a href='https:\/\/www.florianecaux.com\/wp-content\/uploads\/2021\/05\/Photographe-famille-s\u00e9ance-photo-montagne-ari\u00e8ge-38.jpg'><img width=\"200\" height=\"300\" src=\"https:\/\/www.florianecaux.com\/wp-content\/uploads\/2021\/05\/Photographe-famille-s\u00e9ance-photo-montagne-ari\u00e8ge-38-200x300.jpg\" class=\"attachment-medium size-medium\" alt=\"\" loading=\"lazy\" \/><\/a><\/p>\n"},"caption":{"rendered":""},"alt_text":"","media_type":"image","mime_type":"image\/jpeg","media_details":{"width":1280,"height":1920,"file":"2021\/05\/Photographe-famille-s\u00e9ance-photo-montagne-ari\u00e8ge-38.jpg","sizes":{"thumbnail":{"file":"Photographe-famille-s\u00e9ance-photo-montagne-ari\u00e8ge-38-150x150.jpg","width":150,"height":150,"mime_type":"image\/jpeg","source_url":"https:\/\/www.florianecaux.com\/wp-content\/uploads\/2021\/05\/Photographe-famille-s\u00e9ance-photo-montagne-ari\u00e8ge-38-150x150.jpg"},"medium":{"file":"Photographe-famille-s\u00e9ance-photo-montagne-ari\u00e8ge-38-200x300.jpg","width":200,"height":300,"mime_type":"image\/jpeg","source_url":"https:\/\/www.florianecaux.com\/wp-content\/uploads\/2021\/05\/Photographe-famille-s\u00e9ance-photo-montagne-ari\u00e8ge-38-200x300.jpg"},"medium_large":{"file":"Photographe-famille-s\u00e9ance-photo-montagne-ari\u00e8ge-38-768x1152.jpg","width":768,"height":1152,"mime_type":"image\/jpeg","source_url":"https:\/\/www.florianecaux.com\/wp-content\/uploads\/2021\/05\/Photographe-famille-s\u00e9ance-photo-montagne-ari\u00e8ge-38-768x1152.jpg"},"large":{"file":"Photographe-famille-s\u00e9ance-photo-montagne-ari\u00e8ge-38-683x1024.jpg","width":683,"height":1024,"mime_type":"image\/jpeg","source_url":"https:\/\/www.florianecaux.com\/wp-content\/uploads\/2021\/05\/Photographe-famille-s\u00e9ance-photo-montagne-ari\u00e8ge-38-683x1024.jpg"},"wpsimplegallery_admin_thumb":{"file":"Photographe-famille-s\u00e9ance-photo-montagne-ari\u00e8ge-38-109x109.jpg","width":109,"height":109,"mime_type":"image\/jpeg","source_url":"https:\/\/www.florianecaux.com\/wp-content\/uploads\/2021\/05\/Photographe-famille-s\u00e9ance-photo-montagne-ari\u00e8ge-38-109x109.jpg"},"wpsimplegallery_thumb":{"file":"Photographe-famille-s\u00e9ance-photo-montagne-ari\u00e8ge-38-100x100.jpg","width":100,"height":100,"mime_type":"image\/jpeg","source_url":"https:\/\/www.florianecaux.com\/wp-content\/uploads\/2021\/05\/Photographe-famille-s\u00e9ance-photo-montagne-ari\u00e8ge-38-100x100.jpg"},"grandportfolio-gallery-grid":{"file":"Photographe-famille-s\u00e9ance-photo-montagne-ari\u00e8ge-38-705x529.jpg","width":705,"height":529,"mime_type":"image\/jpeg","source_url":"https:\/\/www.florianecaux.com\/wp-content\/uploads\/2021\/05\/Photographe-famille-s\u00e9ance-photo-montagne-ari\u00e8ge-38-705x529.jpg"},"grandportfolio-gallery-grid-large":{"file":"Photographe-famille-s\u00e9ance-photo-montagne-ari\u00e8ge-38-1024x768.jpg","width":1024,"height":768,"mime_type":"image\/jpeg","source_url":"https:\/\/www.florianecaux.com\/wp-content\/uploads\/2021\/05\/Photographe-famille-s\u00e9ance-photo-montagne-ari\u00e8ge-38-1024x768.jpg"},"grandportfolio-gallery-thumb":{"file":"Photographe-famille-s\u00e9ance-photo-montagne-ari\u00e8ge-38-705x705.jpg","width":705,"height":705,"mime_type":"image\/jpeg","source_url":"https:\/\/www.florianecaux.com\/wp-content\/uploads\/2021\/05\/Photographe-famille-s\u00e9ance-photo-montagne-ari\u00e8ge-38-705x705.jpg"},"grandportfolio-gallery-masonry":{"file":"Photographe-famille-s\u00e9ance-photo-montagne-ari\u00e8ge-38-705x1058.jpg","width":705,"height":1058,"mime_type":"image\/jpeg","source_url":"https:\/\/www.florianecaux.com\/wp-content\/uploads\/2021\/05\/Photographe-famille-s\u00e9ance-photo-montagne-ari\u00e8ge-38-705x1058.jpg"},"grandportfolio-gallery-striped":{"file":"Photographe-famille-s\u00e9ance-photo-montagne-ari\u00e8ge-38-300x690.jpg","width":300,"height":690,"mime_type":"image\/jpeg","source_url":"https:\/\/www.florianecaux.com\/wp-content\/uploads\/2021\/05\/Photographe-famille-s\u00e9ance-photo-montagne-ari\u00e8ge-38-300x690.jpg"},"grandportfolio-blog":{"file":"Photographe-famille-s\u00e9ance-photo-montagne-ari\u00e8ge-38-960x636.jpg","width":960,"height":636,"mime_type":"image\/jpeg","source_url":"https:\/\/www.florianecaux.com\/wp-content\/uploads\/2021\/05\/Photographe-famille-s\u00e9ance-photo-montagne-ari\u00e8ge-38-960x636.jpg"},"full":{"file":"Photographe-famille-s\u00e9ance-photo-montagne-ari\u00e8ge-38.jpg","width":1280,"height":1920,"mime_type":"image\/jpeg","source_url":"https:\/\/www.florianecaux.com\/wp-content\/uploads\/2021\/05\/Photographe-famille-s\u00e9ance-photo-montagne-ari\u00e8ge-38.jpg"}},"image_meta":{"aperture":"0","credit":"","camera":"","caption":"","created_timestamp":"0","copyright":"","focal_length":"0","iso":"0","shutter_speed":"0","title":"","orientation":"0","keywords":[]}},"post":null,"source_url":"https:\/\/www.florianecaux.com\/wp-content\/uploads\/2021\/05\/Photographe-famille-s\u00e9ance-photo-montagne-ari\u00e8ge-38.jpg","_links":{"self":[{"href":"https:\/\/www.florianecaux.com\/en\/wp-json\/wp\/v2\/media\/13190"}],"collection":[{"href":"https:\/\/www.florianecaux.com\/en\/wp-json\/wp\/v2\/media"}],"about":[{"href":"https:\/\/www.florianecaux.com\/en\/wp-json\/wp\/v2\/types\/attachment"}],"author":[{"embeddable":true,"href":"https:\/\/www.florianecaux.com\/en\/wp-json\/wp\/v2\/users\/1"}],"replies":[{"embeddable":true,"href":"https:\/\/www.florianecaux.com\/en\/wp-json\/wp\/v2\/comments?post=13190"}]}}

http://www.florianecaux.com/wp-content/uploads/2021/05/Photographe-famille-séance-photo-montagne-ariège-38.jpg

Photographe-famille-séance-photo-montagne-ariège (38)

<p class="attachment"><a href='https://www.florianecaux.com/wp-content/uploads/2021/05/Photographe-famille-séance-photo-montagne-ariège-38.jpg'><img width="200" height="300" src="https://www.florianecaux.com/wp-content/uploads/2021/05/Photographe-famille-séance-photo-montagne-ariège-38-200x300.jpg" class="attachment-medium size-medium" alt="" loading="lazy" /></a></p>

2021/05/Photographe-famille-séance-photo-montagne-ariège-38.jpg

Photographe-famille-séance-photo-montagne-ariège-38-150x150.jpg

https://www.florianecaux.com/wp-content/uploads/2021/05/Photographe-famille-séance-photo-montagne-ariège-38-150x150.jpg

Photographe-famille-séance-photo-montagne-ariège-38-200x300.jpg

https://www.florianecaux.com/wp-content/uploads/2021/05/Photographe-famille-séance-photo-montagne-ariège-38-200x300.jpg

Photographe-famille-séance-photo-montagne-ariège-38-768x1152.jpg

https://www.florianecaux.com/wp-content/uploads/2021/05/Photographe-famille-séance-photo-montagne-ariège-38-768x1152.jpg

Photographe-famille-séance-photo-montagne-ariège-38-683x1024.jpg

https://www.florianecaux.com/wp-content/uploads/2021/05/Photographe-famille-séance-photo-montagne-ariège-38-683x1024.jpg

Photographe-famille-séance-photo-montagne-ariège-38-109x109.jpg

https://www.florianecaux.com/wp-content/uploads/2021/05/Photographe-famille-séance-photo-montagne-ariège-38-109x109.jpg

Photographe-famille-séance-photo-montagne-ariège-38-100x100.jpg

https://www.florianecaux.com/wp-content/uploads/2021/05/Photographe-famille-séance-photo-montagne-ariège-38-100x100.jpg

Photographe-famille-séance-photo-montagne-ariège-38-705x529.jpg

https://www.florianecaux.com/wp-content/uploads/2021/05/Photographe-famille-séance-photo-montagne-ariège-38-705x529.jpg

Photographe-famille-séance-photo-montagne-ariège-38-1024x768.jpg

https://www.florianecaux.com/wp-content/uploads/2021/05/Photographe-famille-séance-photo-montagne-ariège-38-1024x768.jpg

Photographe-famille-séance-photo-montagne-ariège-38-705x705.jpg

https://www.florianecaux.com/wp-content/uploads/2021/05/Photographe-famille-séance-photo-montagne-ariège-38-705x705.jpg

Photographe-famille-séance-photo-montagne-ariège-38-705x1058.jpg

https://www.florianecaux.com/wp-content/uploads/2021/05/Photographe-famille-séance-photo-montagne-ariège-38-705x1058.jpg

Photographe-famille-séance-photo-montagne-ariège-38-300x690.jpg

https://www.florianecaux.com/wp-content/uploads/2021/05/Photographe-famille-séance-photo-montagne-ariège-38-300x690.jpg

Photographe-famille-séance-photo-montagne-ariège-38-960x636.jpg

https://www.florianecaux.com/wp-content/uploads/2021/05/Photographe-famille-séance-photo-montagne-ariège-38-960x636.jpg

Photographe-famille-séance-photo-montagne-ariège-38.jpg

https://www.florianecaux.com/wp-content/uploads/2021/05/Photographe-famille-séance-photo-montagne-ariège-38.jpg
